{"id":143,"date":"2016-06-20T07:48:11","date_gmt":"2016-06-20T07:48:11","guid":{"rendered":"http:\/\/sw-themes.com\/porto_dummy\/?page_id=143"},"modified":"2025-08-12T13:44:22","modified_gmt":"2025-08-12T13:44:22","slug":"home","status":"publish","type":"page","link":"https:\/\/companiatransistmica.com\/","title":{"rendered":"Inicio"},"content":{"rendered":"<p>[vc_row][vc_column]<div class=\"porto-grid-container\"><div id=\"grid-ecd66c23416unou9q5twshqsn6rsx6h\" class=\" home-main-banners wpb_content_element clearfix\" data-plugin-masonry data-plugin-options='{\"layoutMode\":\"masonry\",\"masonry\":{\"columnWidth\":\".grid-col-sizer\"},\"itemSelector\":\".porto-grid-item\",\"animationEngine\":\"best-available\",\"resizable\":false}'><div class=\"porto-grid-item\" style=\"width:66.6%\"><div class=\"porto-carousel owl-carousel porto-standable-carousel home-banner-slider m-b-none nav-inside\" data-plugin-options=\"{&quot;stagePadding&quot;:0,&quot;margin&quot;:0,&quot;autoplay&quot;:&quot;yes&quot;,&quot;autoplayTimeout&quot;:8000,&quot;autoplayHoverPause&quot;:&quot;true&quot;,&quot;items&quot;:1,&quot;lg&quot;:1,&quot;md&quot;:1,&quot;sm&quot;:1,&quot;xs&quot;:1,&quot;nav&quot;:false,&quot;dots&quot;:&quot;yes&quot;,&quot;animateIn&quot;:&quot;&quot;,&quot;animateOut&quot;:&quot;&quot;,&quot;loop&quot;:&quot;yes&quot;,&quot;center&quot;:false,&quot;video&quot;:false,&quot;lazyLoad&quot;:false,&quot;fullscreen&quot;:false}\">[vc_single_image image=\u00bb9937&#8243; onclick=\u00bbcustom_link\u00bb link=\u00bbhttps:\/\/companiatransistmica.com\/?p=9854&#8243;]<\/div><\/div><div class=\"porto-grid-item\" style=\"width:33.3%\"><div id=\"interactive-banner-wrap-obza\" class=\"porto-ibanner\" style=\"background:#f4f4f4;\"><img loading=\"lazy\" decoding=\"async\" alt=\"\" width=\"1348\" height=\"826\" class=\"porto-ibanner-img\" src=\"https:\/\/companiatransistmica.com\/wp-content\/uploads\/2022\/04\/dia-noche.jpeg\"><div class=\"porto-ibanner-desc no-padding d-flex\"><div class=\"porto-ibanner-layer text-end\" style=\"right:10%;top: 50%;transform: translateY(-50%);\"><div class=\"porto-ultimate-content-box-container d-inline-block text-start\"><style>#porto_ucb_6232{will-change: box-shadow;box-shadow: none;}<\/style><div class=\"porto-ultimate-content-box\" style=\"\" id=\"porto_ucb_6232\"><\/div><\/div><\/div><\/div><\/div><\/div><div class=\"porto-grid-item\" style=\"width:33.3%\"><div id=\"interactive-banner-wrap-9ldd\" class=\"porto-ibanner\" style=\"background:#f4f4f4;\"><img loading=\"lazy\" decoding=\"async\" alt=\"\" width=\"1348\" height=\"556\" class=\"porto-ibanner-img\" src=\"https:\/\/companiatransistmica.com\/wp-content\/uploads\/2022\/04\/sports2.jpeg\"><div class=\"porto-ibanner-desc no-padding d-flex\"><div class=\"porto-ibanner-layer text-end\" style=\"right:10%;top: 50%;transform: translateY(-50%);\"><div class=\"porto-ultimate-content-box-container d-inline-block text-start\"><style>#porto_ucb_2790{will-change: box-shadow;box-shadow: none;}<\/style><div class=\"porto-ultimate-content-box\" style=\"\" id=\"porto_ucb_2790\"><\/div><\/div><\/div><\/div><\/div><\/div><div class=\"grid-col-sizer\" style=\"width:33.3333%; flex: 0 0 33.3333%\"><\/div><\/div><style scope=\"scope\">#grid-ecd66c23416unou9q5twshqsn6rsx6h .porto-grid-item { padding: 10px; }#grid-ecd66c23416unou9q5twshqsn6rsx6h { margin: -10px -10px 10px; }@media (max-width:767px) {#grid-ecd66c23416unou9q5twshqsn6rsx6h { height: auto !important }#grid-ecd66c23416unou9q5twshqsn6rsx6h .porto-grid-item:first-child { margin-top: 0 }#grid-ecd66c23416unou9q5twshqsn6rsx6h .porto-grid-item { width: 100% !important; position: static !important; float: none }}<\/style><\/div>[\/vc_column][\/vc_row][vc_row wrap_container=\u00bbyes\u00bb css=\u00bb.vc_custom_1580091433596{padding-top: 3.75rem !important;padding-bottom: 2.75rem !important;background-color: #eeeeee !important;}\u00bb][vc_column][vc_custom_heading text=\u00bbProductos Destacados\u00bb font_container=\u00bbtag:h2|font_size:1.125rem|text_align:center|line_height:1.4&#8243; use_theme_fonts=\u00bbyes\u00bb text_transform=\u00bbtext-uppercase\u00bb letter_spacing=\u00bb-.01em\u00bb el_class=\u00bbmb-3&#8243;]<div id=\"porto-products-2705\" class=\"porto-products wpb_content_element mb-0 section-product-light\"><div class=\"slider-wrapper\"><div class=\"woocommerce columns-4 \"><ul class=\"products products-container products-slider owl-carousel nav-center-images-only nav-pos-outside nav-style-4 show-nav-hover pcols-lg-4 pcols-md-3 pcols-xs-3 pcols-ls-2 pwidth-lg-4 pwidth-md-3 pwidth-xs-2 pwidth-ls-1 is-shortcode\"\n\t\tdata-plugin-options=\"{&quot;themeConfig&quot;:true,&quot;lg&quot;:4,&quot;md&quot;:3,&quot;xs&quot;:3,&quot;ls&quot;:2,&quot;nav&quot;:true}\" data-product_layout=\"product-outimage_aq_onimage\">\n\n<li class=\"product-col product-outimage_aq_onimage product type-product post-5055 status-publish first instock product_cat-orient product_cat-orient-star has-post-thumbnail featured shipping-taxable product-type-simple\">\n<div class=\"product-inner\">\n\t\n\t<div class=\"product-image\">\n\n\t\t<a  href=\"https:\/\/companiatransistmica.com\/?product=reloj-orient-star-renacimiento-mecanico-retro-future-guitar-ra-ar0303g\">\n\t\t\t<div class=\"inner img-effect\"><img loading=\"lazy\" decoding=\"async\" width=\"300\" height=\"300\" src=\"https:\/\/companiatransistmica.com\/wp-content\/uploads\/2022\/06\/RA-AR0303G-1.jpg\" class=\" wp-post-image\" alt=\"\" \/><img loading=\"lazy\" decoding=\"async\" width=\"300\" height=\"300\" src=\"https:\/\/companiatransistmica.com\/wp-content\/uploads\/2022\/06\/RA-AR0303G-2.jpg\" class=\"hover-image\" alt=\"\" \/><\/div>\t\t<\/a>\n\t\t\t<div class=\"links-on-image\">\n\t\t\t<div class=\"add-links-wrap\">\n\t<div class=\"add-links no-effect clearfix\">\n\t\t<a href=\"https:\/\/companiatransistmica.com\/?product=reloj-orient-star-renacimiento-mecanico-retro-future-guitar-ra-ar0303g\" data-quantity=\"1\" class=\"viewcart-style-2 button product_type_simple add_to_cart_read_more\" data-product_id=\"5055\" data-product_sku=\"RA-AR0303G\" aria-label=\"Read more about &ldquo;Reloj Orient Star Renacimiento mec\u00e1nico - Retro  Future  Guitar - RA-AR0303G&rdquo;\" rel=\"nofollow\">Read more<\/a>\t<\/div>\n\t<\/div>\n\t\t<\/div>\n\t\t\t<\/div>\n\n\t<div class=\"product-content\">\n\t\t\n\t\t\t<a class=\"product-loop-title\"  href=\"https:\/\/companiatransistmica.com\/?product=reloj-orient-star-renacimiento-mecanico-retro-future-guitar-ra-ar0303g\">\n\t<h3 class=\"woocommerce-loop-product__title\">Reloj Orient Star Renacimiento mec\u00e1nico &#8211; Retro  Future  Guitar &#8211; RA-AR0303G<\/h3>\t<\/a>\n\t\n\t\t\n\n\t\t\t<\/div>\n<\/div>\n<\/li>\n\n<li class=\"product-col product-outimage_aq_onimage product type-product post-5051 status-publish instock product_cat-orient product_cat-orient-star product_cat-relojes has-post-thumbnail featured purchasable product-type-simple\">\n<div class=\"product-inner\">\n\t\n\t<div class=\"product-image\">\n\n\t\t<a  href=\"https:\/\/companiatransistmica.com\/?product=reloj-orient-star-renacimiento-mecanico-ra-ar0204g\">\n\t\t\t<div class=\"inner img-effect\"><img loading=\"lazy\" decoding=\"async\" width=\"300\" height=\"300\" src=\"https:\/\/companiatransistmica.com\/wp-content\/uploads\/2022\/06\/RA-AR0204G.jpg\" class=\" wp-post-image\" alt=\"\" \/><img loading=\"lazy\" decoding=\"async\" width=\"300\" height=\"300\" src=\"https:\/\/companiatransistmica.com\/wp-content\/uploads\/2022\/06\/RA-AR0204G-a.jpg\" class=\"hover-image\" alt=\"\" \/><\/div>\t\t<\/a>\n\t\t\t<div class=\"links-on-image\">\n\t\t\t<div class=\"add-links-wrap\">\n\t<div class=\"add-links no-effect clearfix\">\n\t\t<a href=\"?add-to-cart=5051\" data-quantity=\"1\" class=\"viewcart-style-2 button product_type_simple add_to_cart_button ajax_add_to_cart\" data-product_id=\"5051\" data-product_sku=\"RA-AR0204G\" aria-label=\"Add &ldquo;Reloj Orient Star Renacimiento Mec\u00e1nico RA-AR0204G&rdquo; to your cart\" rel=\"nofollow\">Add to cart<\/a>\t<\/div>\n\t<\/div>\n\t\t<\/div>\n\t\t\t<\/div>\n\n\t<div class=\"product-content\">\n\t\t\n\t\t\t<a class=\"product-loop-title\"  href=\"https:\/\/companiatransistmica.com\/?product=reloj-orient-star-renacimiento-mecanico-ra-ar0204g\">\n\t<h3 class=\"woocommerce-loop-product__title\">Reloj Orient Star Renacimiento Mec\u00e1nico RA-AR0204G<\/h3>\t<\/a>\n\t\n\t\t\n\t<span class=\"price\"><span class=\"woocommerce-Price-amount amount\"><bdi><span class=\"woocommerce-Price-currencySymbol\">&#36;<\/span>0.00<\/bdi><\/span><\/span>\n\n\t\t\t<\/div>\n<\/div>\n<\/li>\n\n<li class=\"product-col product-outimage_aq_onimage product type-product post-5044 status-publish instock product_cat-orient product_cat-orient-star product_cat-relojes product_cat-sports-mechanical has-post-thumbnail featured purchasable product-type-simple\">\n<div class=\"product-inner\">\n\t\n\t<div class=\"product-image\">\n\n\t\t<a  href=\"https:\/\/companiatransistmica.com\/?product=reloj-orient-star-deportivo-mecanico-ra-ac0k03l\">\n\t\t\t<div class=\"inner img-effect\"><img loading=\"lazy\" decoding=\"async\" width=\"300\" height=\"300\" src=\"https:\/\/companiatransistmica.com\/wp-content\/uploads\/2022\/06\/RA-AC0K03L.jpg\" class=\" wp-post-image\" alt=\"\" \/><img loading=\"lazy\" decoding=\"async\" width=\"300\" height=\"300\" src=\"https:\/\/companiatransistmica.com\/wp-content\/uploads\/2022\/06\/RA-AC0K03L-a.jpg\" class=\"hover-image\" alt=\"\" \/><\/div>\t\t<\/a>\n\t\t\t<div class=\"links-on-image\">\n\t\t\t<div class=\"add-links-wrap\">\n\t<div class=\"add-links no-effect clearfix\">\n\t\t<a href=\"?add-to-cart=5044\" data-quantity=\"1\" class=\"viewcart-style-2 button product_type_simple add_to_cart_button ajax_add_to_cart\" data-product_id=\"5044\" data-product_sku=\"RA-AC0K03L\" aria-label=\"Add &ldquo;Reloj Orient Star Deportivo Mec\u00e1nico RA-AC0K03L&rdquo; to your cart\" rel=\"nofollow\">Add to cart<\/a>\t<\/div>\n\t<\/div>\n\t\t<\/div>\n\t\t\t<\/div>\n\n\t<div class=\"product-content\">\n\t\t\n\t\t\t<a class=\"product-loop-title\"  href=\"https:\/\/companiatransistmica.com\/?product=reloj-orient-star-deportivo-mecanico-ra-ac0k03l\">\n\t<h3 class=\"woocommerce-loop-product__title\">Reloj Orient Star Deportivo Mec\u00e1nico RA-AC0K03L<\/h3>\t<\/a>\n\t\n\t\t\n\t<span class=\"price\"><span class=\"woocommerce-Price-amount amount\"><bdi><span class=\"woocommerce-Price-currencySymbol\">&#36;<\/span>0.00<\/bdi><\/span><\/span>\n\n\t\t\t<\/div>\n<\/div>\n<\/li>\n\n<li class=\"product-col product-outimage_aq_onimage product type-product post-5040 status-publish last instock product_cat-orient product_cat-orient-star product_cat-relojes has-post-thumbnail featured purchasable product-type-simple\">\n<div class=\"product-inner\">\n\t\n\t<div class=\"product-image\">\n\n\t\t<a  href=\"https:\/\/companiatransistmica.com\/?product=reloj-orient-star-deportivo-mecanico-ra-aa0915r\">\n\t\t\t<div class=\"inner img-effect\"><img loading=\"lazy\" decoding=\"async\" width=\"300\" height=\"300\" src=\"https:\/\/companiatransistmica.com\/wp-content\/uploads\/2022\/06\/RA-AA0915R.jpg\" class=\" wp-post-image\" alt=\"\" \/><img loading=\"lazy\" decoding=\"async\" width=\"300\" height=\"300\" src=\"https:\/\/companiatransistmica.com\/wp-content\/uploads\/2022\/06\/RA-AA0915R-a.jpg\" class=\"hover-image\" alt=\"\" \/><\/div>\t\t<\/a>\n\t\t\t<div class=\"links-on-image\">\n\t\t\t<div class=\"add-links-wrap\">\n\t<div class=\"add-links no-effect clearfix\">\n\t\t<a href=\"?add-to-cart=5040\" data-quantity=\"1\" class=\"viewcart-style-2 button product_type_simple add_to_cart_button ajax_add_to_cart\" data-product_id=\"5040\" data-product_sku=\"RA-AA0915R\" aria-label=\"Add &ldquo;Reloj Orient Star Deportivo Mec\u00e1nico RA-AA0915R&rdquo; to your cart\" rel=\"nofollow\">Add to cart<\/a>\t<\/div>\n\t<\/div>\n\t\t<\/div>\n\t\t\t<\/div>\n\n\t<div class=\"product-content\">\n\t\t\n\t\t\t<a class=\"product-loop-title\"  href=\"https:\/\/companiatransistmica.com\/?product=reloj-orient-star-deportivo-mecanico-ra-aa0915r\">\n\t<h3 class=\"woocommerce-loop-product__title\">Reloj Orient Star Deportivo Mec\u00e1nico RA-AA0915R<\/h3>\t<\/a>\n\t\n\t\t\n\t<span class=\"price\"><span class=\"woocommerce-Price-amount amount\"><bdi><span class=\"woocommerce-Price-currencySymbol\">&#36;<\/span>0.00<\/bdi><\/span><\/span>\n\n\t\t\t<\/div>\n<\/div>\n<\/li>\n\n<li class=\"product-col product-outimage_aq_onimage product type-product post-5036 status-publish first instock product_cat-orient product_cat-orient-star product_cat-relojes has-post-thumbnail featured purchasable product-type-simple\">\n<div class=\"product-inner\">\n\t\n\t<div class=\"product-image\">\n\n\t\t<a  href=\"https:\/\/companiatransistmica.com\/?product=reloj-orient-star-renacimiento-mecanico-ra-aa0d04g\">\n\t\t\t<div class=\"inner img-effect\"><img loading=\"lazy\" decoding=\"async\" width=\"300\" height=\"300\" src=\"https:\/\/companiatransistmica.com\/wp-content\/uploads\/2022\/06\/RA-AA0D04G.jpg\" class=\" wp-post-image\" alt=\"\" \/><img loading=\"lazy\" decoding=\"async\" width=\"300\" height=\"300\" src=\"https:\/\/companiatransistmica.com\/wp-content\/uploads\/2022\/06\/RA-AA0D04G-a.jpg\" class=\"hover-image\" alt=\"\" \/><\/div>\t\t<\/a>\n\t\t\t<div class=\"links-on-image\">\n\t\t\t<div class=\"add-links-wrap\">\n\t<div class=\"add-links no-effect clearfix\">\n\t\t<a href=\"?add-to-cart=5036\" data-quantity=\"1\" class=\"viewcart-style-2 button product_type_simple add_to_cart_button ajax_add_to_cart\" data-product_id=\"5036\" data-product_sku=\"RA-AA0D04G\" aria-label=\"Add &ldquo;Reloj Orient Star Renacimiento Mec\u00e1nico RA-AA0D04G&rdquo; to your cart\" rel=\"nofollow\">Add to cart<\/a>\t<\/div>\n\t<\/div>\n\t\t<\/div>\n\t\t\t<\/div>\n\n\t<div class=\"product-content\">\n\t\t\n\t\t\t<a class=\"product-loop-title\"  href=\"https:\/\/companiatransistmica.com\/?product=reloj-orient-star-renacimiento-mecanico-ra-aa0d04g\">\n\t<h3 class=\"woocommerce-loop-product__title\">Reloj Orient Star Renacimiento Mec\u00e1nico RA-AA0D04G<\/h3>\t<\/a>\n\t\n\t\t\n\t<span class=\"price\"><span class=\"woocommerce-Price-amount amount\"><bdi><span class=\"woocommerce-Price-currencySymbol\">&#36;<\/span>0.00<\/bdi><\/span><\/span>\n\n\t\t\t<\/div>\n<\/div>\n<\/li>\n\n<li class=\"product-col product-outimage_aq_onimage product type-product post-4994 status-publish instock product_cat-orient product_cat-orient-star product_cat-relojes has-post-thumbnail featured purchasable product-type-simple\">\n<div class=\"product-inner\">\n\t\n\t<div class=\"product-image\">\n\n\t\t<a  href=\"https:\/\/companiatransistmica.com\/?product=reloj-orient-star-renacimiento-mecanico-ra-aa0d01b\">\n\t\t\t<div class=\"inner img-effect\"><img loading=\"lazy\" decoding=\"async\" width=\"300\" height=\"300\" src=\"https:\/\/companiatransistmica.com\/wp-content\/uploads\/2022\/06\/RA-AA0D01B.jpg\" class=\" wp-post-image\" alt=\"\" \/><img loading=\"lazy\" decoding=\"async\" width=\"300\" height=\"300\" src=\"https:\/\/companiatransistmica.com\/wp-content\/uploads\/2022\/06\/RA-AA0D01B_a.jpg\" class=\"hover-image\" alt=\"\" \/><\/div>\t\t<\/a>\n\t\t\t<div class=\"links-on-image\">\n\t\t\t<div class=\"add-links-wrap\">\n\t<div class=\"add-links no-effect clearfix\">\n\t\t<a href=\"?add-to-cart=4994\" data-quantity=\"1\" class=\"viewcart-style-2 button product_type_simple add_to_cart_button ajax_add_to_cart\" data-product_id=\"4994\" data-product_sku=\"RA-AA0D01B\" aria-label=\"Add &ldquo;Reloj Orient Star Renacimiento Mec\u00e1nico RA-AA0D01B&rdquo; to your cart\" rel=\"nofollow\">Add to cart<\/a>\t<\/div>\n\t<\/div>\n\t\t<\/div>\n\t\t\t<\/div>\n\n\t<div class=\"product-content\">\n\t\t\n\t\t\t<a class=\"product-loop-title\"  href=\"https:\/\/companiatransistmica.com\/?product=reloj-orient-star-renacimiento-mecanico-ra-aa0d01b\">\n\t<h3 class=\"woocommerce-loop-product__title\">Reloj Orient Star Renacimiento Mec\u00e1nico RA-AA0D01B<\/h3>\t<\/a>\n\t\n\t\t\n\t<span class=\"price\"><span class=\"woocommerce-Price-amount amount\"><bdi><span class=\"woocommerce-Price-currencySymbol\">&#36;<\/span>0.00<\/bdi><\/span><\/span>\n\n\t\t\t<\/div>\n<\/div>\n<\/li>\n<\/ul>\n<\/div><\/div><\/div>[\/vc_column][\/vc_row][vc_row wrap_container=\u00bbyes\u00bb text_align=\u00bbcenter\u00bb css=\u00bb.vc_custom_1650948707471{margin-top: 30px !important;margin-bottom: 30px !important;}\u00bb][vc_column]<div class=\"porto-testimonial wpb_content_element \"><div class=\"testimonial\"><blockquote><p><span style=\"font-size: 24px;\">Como nuestra colecci\u00f3n de relojes m\u00e1s distinguida y exquisita, ORIENT STAR siempre ha proporcionado calidad excepcional, artesan\u00eda y simplicidad elegante desde 1951. <\/span><\/p>\n<p><span style=\"font-size: 24px;\">Encuentra el Tuyo!<\/span><\/p><\/blockquote><div class=\"testimonial-arrow-down\"><\/div><div class=\"testimonial-author clearfix\"><p><strong><\/strong><span><\/span><\/p><\/div><\/div><\/div>[\/vc_column][\/vc_row]<\/p>\n","protected":false},"excerpt":{"rendered":"<p>[vc_row][vc_column][\/vc_column][\/vc_row][vc_row wrap_container=\u00bbyes\u00bb css=\u00bb.vc_custom_1580091433596{padding-top: 3.75rem !important;padding-bottom: 2.75rem !important;background-color: #eeeeee !important;}\u00bb][vc_column][vc_custom_heading text=\u00bbProductos Destacados\u00bb font_container=\u00bbtag:h2|font_size:1.125rem|text_align:center|line_height:1.4&#8243; use_theme_fonts=\u00bbyes\u00bb text_transform=\u00bbtext-uppercase\u00bb letter_spacing=\u00bb-.01em\u00bb el_class=\u00bbmb-3&#8243;][\/vc_column][\/vc_row][vc_row wrap_container=\u00bbyes\u00bb text_align=\u00bbcenter\u00bb css=\u00bb.vc_custom_1650948707471{margin-top: 30px !important;margin-bottom: 30px !important;}\u00bb][vc_column][\/vc_column][\/vc_row]<\/p>\n","protected":false},"author":1,"featured_media":0,"parent":0,"menu_order":0,"comment_status":"closed","ping_status":"closed","template":"","meta":{"footnotes":""},"class_list":["post-143","page","type-page","status-publish","hentry"],"_links":{"self":[{"href":"https:\/\/companiatransistmica.com\/index.php?rest_route=\/wp\/v2\/pages\/143","targetHints":{"allow":["GET"]}}],"collection":[{"href":"https:\/\/companiatransistmica.com\/index.php?rest_route=\/wp\/v2\/pages"}],"about":[{"href":"https:\/\/companiatransistmica.com\/index.php?rest_route=\/wp\/v2\/types\/page"}],"author":[{"embeddable":true,"href":"https:\/\/companiatransistmica.com\/index.php?rest_route=\/wp\/v2\/users\/1"}],"replies":[{"embeddable":true,"href":"https:\/\/companiatransistmica.com\/index.php?rest_route=%2Fwp%2Fv2%2Fcomments&post=143"}],"version-history":[{"count":24,"href":"https:\/\/companiatransistmica.com\/index.php?rest_route=\/wp\/v2\/pages\/143\/revisions"}],"predecessor-version":[{"id":10141,"href":"https:\/\/companiatransistmica.com\/index.php?rest_route=\/wp\/v2\/pages\/143\/revisions\/10141"}],"wp:attachment":[{"href":"https:\/\/companiatransistmica.com\/index.php?rest_route=%2Fwp%2Fv2%2Fmedia&parent=143"}],"curies":[{"name":"wp","href":"https:\/\/api.w.org\/{rel}","templated":true}]}}